{"id":715,"date":"2023-03-25T19:16:28","date_gmt":"2023-03-25T19:16:28","guid":{"rendered":"https:\/\/fotowelt-nika.de\/?page_id=715"},"modified":"2023-10-15T10:38:08","modified_gmt":"2023-10-15T10:38:08","slug":"about","status":"publish","type":"page","link":"https:\/\/fotowelt-nika.de\/?page_id=715","title":{"rendered":"About"},"content":{"rendered":"\t\t<div data-elementor-type=\"wp-page\" data-elementor-id=\"715\" class=\"elementor elementor-715\" data-elementor-post-type=\"page\">\n\t\t\t\t\t\t<section class=\"elementor-section elementor-top-section elementor-element elementor-element-8efeffb elementor-section-boxed elementor-section-height-default elementor-section-height-default\" data-id=\"8efeffb\" data-element_type=\"section\">\n\t\t\t\t\t\t<div class=\"elementor-container elementor-column-gap-default\">\n\t\t\t\t\t<div class=\"elementor-column elementor-col-100 elementor-top-column elementor-element elementor-element-99513f2\" data-id=\"99513f2\" data-element_type=\"column\">\n\t\t\t<div class=\"elementor-widget-wrap elementor-element-populated\">\n\t\t\t\t\t\t<div class=\"elementor-element elementor-element-f45dcc3 elementor-nav-menu__align-center elementor-nav-menu--dropdown-tablet elementor-nav-menu__text-align-aside elementor-nav-menu--toggle elementor-nav-menu--burger elementor-widget elementor-widget-nav-menu\" data-id=\"f45dcc3\" data-element_type=\"widget\" data-settings=\"{&quot;layout&quot;:&quot;horizontal&quot;,&quot;submenu_icon&quot;:{&quot;value&quot;:&quot;&lt;i class=\\&quot;fas fa-caret-down\\&quot; aria-hidden=\\&quot;true\\&quot;&gt;&lt;\\\/i&gt;&quot;,&quot;library&quot;:&quot;fa-solid&quot;},&quot;toggle&quot;:&quot;burger&quot;}\" data-widget_type=\"nav-menu.default\">\n\t\t\t\t<div class=\"elementor-widget-container\">\n\t\t\t\t\t\t\t\t<nav aria-label=\"Men\u00fc\" class=\"elementor-nav-menu--main elementor-nav-menu__container elementor-nav-menu--layout-horizontal e--pointer-underline e--animation-fade\">\n\t\t\t\t<ul id=\"menu-1-f45dcc3\" class=\"elementor-nav-menu\"><li class=\"menu-item menu-item-type-post_type menu-item-object-page menu-item-home menu-item-746\"><a href=\"https:\/\/fotowelt-nika.de\/\" class=\"elementor-item\">Home<\/a><\/li>\n<li class=\"menu-item menu-item-type-post_type menu-item-object-page menu-item-750\"><a href=\"https:\/\/fotowelt-nika.de\/?page_id=720\" class=\"elementor-item\">Portfolio<\/a><\/li>\n<li class=\"menu-item menu-item-type-post_type menu-item-object-page menu-item-747\"><a href=\"https:\/\/fotowelt-nika.de\/?page_id=715\" class=\"elementor-item\">About<\/a><\/li>\n<li class=\"menu-item menu-item-type-post_type menu-item-object-page menu-item-749\"><a href=\"https:\/\/fotowelt-nika.de\/?page_id=707\" class=\"elementor-item\">Referenzen<\/a><\/li>\n<li class=\"menu-item menu-item-type-post_type menu-item-object-page menu-item-748\"><a href=\"https:\/\/fotowelt-nika.de\/?page_id=702\" class=\"elementor-item\">Angebote<\/a><\/li>\n<li class=\"menu-item menu-item-type-post_type menu-item-object-page menu-item-751\"><a href=\"https:\/\/fotowelt-nika.de\/?page_id=695\" class=\"elementor-item\">Kontakt<\/a><\/li>\n<li class=\"menu-item menu-item-type-post_type menu-item-object-page menu-item-1042\"><a href=\"https:\/\/fotowelt-nika.de\/?page_id=1035\" class=\"elementor-item\">Impressum<\/a><\/li>\n<\/ul>\t\t\t<\/nav>\n\t\t\t\t\t<div class=\"elementor-menu-toggle\" role=\"button\" tabindex=\"0\" aria-label=\"Men\u00fc Umschalter\" aria-expanded=\"false\">\n\t\t\t<i aria-hidden=\"true\" role=\"presentation\" class=\"elementor-menu-toggle__icon--open eicon-menu-bar\"><\/i><i aria-hidden=\"true\" role=\"presentation\" class=\"elementor-menu-toggle__icon--close eicon-close\"><\/i>\t\t<\/div>\n\t\t\t\t\t<nav class=\"elementor-nav-menu--dropdown elementor-nav-menu__container\" aria-hidden=\"true\">\n\t\t\t\t<ul id=\"menu-2-f45dcc3\" class=\"elementor-nav-menu\"><li class=\"menu-item menu-item-type-post_type menu-item-object-page menu-item-home menu-item-746\"><a href=\"https:\/\/fotowelt-nika.de\/\" class=\"elementor-item\" tabindex=\"-1\">Home<\/a><\/li>\n<li class=\"menu-item menu-item-type-post_type menu-item-object-page menu-item-750\"><a href=\"https:\/\/fotowelt-nika.de\/?page_id=720\" class=\"elementor-item\" tabindex=\"-1\">Portfolio<\/a><\/li>\n<li class=\"menu-item menu-item-type-post_type menu-item-object-page menu-item-747\"><a href=\"https:\/\/fotowelt-nika.de\/?page_id=715\" class=\"elementor-item\" tabindex=\"-1\">About<\/a><\/li>\n<li class=\"menu-item menu-item-type-post_type menu-item-object-page menu-item-749\"><a href=\"https:\/\/fotowelt-nika.de\/?page_id=707\" class=\"elementor-item\" tabindex=\"-1\">Referenzen<\/a><\/li>\n<li class=\"menu-item menu-item-type-post_type menu-item-object-page menu-item-748\"><a href=\"https:\/\/fotowelt-nika.de\/?page_id=702\" class=\"elementor-item\" tabindex=\"-1\">Angebote<\/a><\/li>\n<li class=\"menu-item menu-item-type-post_type menu-item-object-page menu-item-751\"><a href=\"https:\/\/fotowelt-nika.de\/?page_id=695\" class=\"elementor-item\" tabindex=\"-1\">Kontakt<\/a><\/li>\n<li class=\"menu-item menu-item-type-post_type menu-item-object-page menu-item-1042\"><a href=\"https:\/\/fotowelt-nika.de\/?page_id=1035\" class=\"elementor-item\" tabindex=\"-1\">Impressum<\/a><\/li>\n<\/ul>\t\t\t<\/nav>\n\t\t\t\t\t\t<\/div>\n\t\t\t\t<\/div>\n\t\t\t\t\t<\/div>\n\t\t<\/div>\n\t\t\t\t\t<\/div>\n\t\t<\/section>\n\t\t\t\t<section class=\"elementor-section elementor-top-section elementor-element elementor-element-54f87dc4 elementor-section-full_width elementor-section-height-min-height elementor-section-items-stretch elementor-section-content-middle elementor-reverse-mobile elementor-section-height-default\" data-id=\"54f87dc4\" data-element_type=\"section\" data-settings=\"{&quot;background_background&quot;:&quot;classic&quot;}\">\n\t\t\t\t\t\t<div class=\"elementor-container elementor-column-gap-no\">\n\t\t\t\t\t<div class=\"elementor-column elementor-col-50 elementor-top-column elementor-element elementor-element-4e86b877\" data-id=\"4e86b877\" data-element_type=\"column\" data-settings=\"{&quot;background_background&quot;:&quot;classic&quot;}\">\n\t\t\t<div class=\"elementor-widget-wrap elementor-element-populated\">\n\t\t\t\t\t\t<div class=\"elementor-element elementor-element-30ae2a1 elementor-hidden-mobile elementor-invisible elementor-widget elementor-widget-image\" data-id=\"30ae2a1\" data-element_type=\"widget\" data-settings=\"{&quot;_animation&quot;:&quot;fadeIn&quot;}\" data-widget_type=\"image.default\">\n\t\t\t\t<div class=\"elementor-widget-container\">\n\t\t\t\t\t\t\t\t\t\t\t\t\t\t\t<img fetchpriority=\"high\" decoding=\"async\" width=\"768\" height=\"1152\" src=\"https:\/\/fotowelt-nika.de\/wp-content\/uploads\/2023\/03\/IMG_3318-768x1152.jpg\" class=\"attachment-medium_large size-medium_large wp-image-845\" alt=\"\" srcset=\"https:\/\/fotowelt-nika.de\/wp-content\/uploads\/2023\/03\/IMG_3318-768x1152.jpg 768w, https:\/\/fotowelt-nika.de\/wp-content\/uploads\/2023\/03\/IMG_3318-200x300.jpg 200w, https:\/\/fotowelt-nika.de\/wp-content\/uploads\/2023\/03\/IMG_3318-683x1024.jpg 683w, https:\/\/fotowelt-nika.de\/wp-content\/uploads\/2023\/03\/IMG_3318-1024x1536.jpg 1024w, https:\/\/fotowelt-nika.de\/wp-content\/uploads\/2023\/03\/IMG_3318-1365x2048.jpg 1365w, https:\/\/fotowelt-nika.de\/wp-content\/uploads\/2023\/03\/IMG_3318-scaled.jpg 1707w\" sizes=\"(max-width: 768px) 100vw, 768px\" \/>\t\t\t\t\t\t\t\t\t\t\t\t\t\t\t<\/div>\n\t\t\t\t<\/div>\n\t\t\t\t\t<\/div>\n\t\t<\/div>\n\t\t\t\t<div class=\"elementor-column elementor-col-50 elementor-top-column elementor-element elementor-element-13eadc\" data-id=\"13eadc\" data-element_type=\"column\">\n\t\t\t<div class=\"elementor-widget-wrap elementor-element-populated\">\n\t\t\t\t\t\t<div class=\"elementor-element elementor-element-15cbd602 elementor-invisible elementor-widget elementor-widget-heading\" data-id=\"15cbd602\" data-element_type=\"widget\" data-settings=\"{&quot;_animation&quot;:&quot;fadeIn&quot;}\" data-widget_type=\"heading.default\">\n\t\t\t\t<div class=\"elementor-widget-container\">\n\t\t\t\t\t<h1 class=\"elementor-heading-title elementor-size-default\"><br>Nika Rehm<\/h1>\t\t\t\t<\/div>\n\t\t\t\t<\/div>\n\t\t\t\t<div class=\"elementor-element elementor-element-3fa1dfdc elementor-widget elementor-widget-text-editor\" data-id=\"3fa1dfdc\" data-element_type=\"widget\" data-widget_type=\"text-editor.default\">\n\t\t\t\t<div class=\"elementor-widget-container\">\n\t\t\t\t\t\t\t\t\t<p>Ich bin Nika, und ich m\u00f6chte mich gerne vorstellen. Ich bin 30 Jahre alt und lebe in der N\u00e4he von Stuttgart. Meine beiden gro\u00dfen Leidenschaften im Leben sind die Fotografie und der Reitsport. Lass mich dir ein wenig von meiner Reise erz\u00e4hlen.<\/p><p>Die Welt der Fotografie begleitet mich seit 2007. Anfangs waren meine eigenen Hunde meine ersten Modelle. Sie posierten geduldig f\u00fcr meine ersten Gehversuche in der Fotografie. Doch schon bald ergaben sich die ersten richtigen Fotoshootings, bei denen ich mein K\u00f6nnen weiterentwickeln konnte. Ein wichtiger Meilenstein auf meinem Weg war mein einj\u00e4hriger Schulaufenthalt an der Johannes Gutenberg Schule in Stuttgart, der mir wertvolles Wissen und F\u00e4higkeiten im Bereich der Fotografie vermittelte.<\/p><p>Ein weiteres Herzensprojekt von mir ist der Reitsport. Schon 2011 habe ich mir meinen Traum erf\u00fcllt und mein eigenes Pferd gekauft. Mein langj\u00e4hriger Weggef\u00e4hrte &#8222;Bobo&#8220; war ein treuer Begleiter auf diesem Abenteuer. Leider musste ich Bobo im Dezember 2021 nach einer schweren Kolik gehen lassen. Dies war eine sehr schmerzhafte Erfahrung f\u00fcr mich. Doch das Leben geht weiter, und seit April 2022 habe ich eine Reitbeteiligung auf einem 14-j\u00e4hrigen Quarter Horse Wallach.<\/p><p>Die Verbindung zwischen meinen Tieren und meiner Tierfotografie war f\u00fcr mich von Anfang an naheliegend. Diese besondere Beziehung gibt mir ein einzigartiges Verst\u00e4ndnis und Einf\u00fchlungsverm\u00f6gen in die Shootings mit Tieren. Mir liegt besonders am Herzen, einen fairen und ruhigen Umgang mit den Tieren zu gew\u00e4hrleisten. Ich verfolge die Philosophie, dass nur in einer stressfreien Umgebung authentische und wundersch\u00f6ne Tierfotos entstehen k\u00f6nnen.<\/p><p>Insgesamt bin ich also nicht nur Pferdeverr\u00fcckt, sondern auch eine engagierte Tierfotografin, die ihre Leidenschaft und Liebe f\u00fcr Tiere und die Kunst der Fotografie miteinander verbindet. Ich freue mich darauf, diese Leidenschaften weiterhin zu verfolgen und unvergessliche Momente f\u00fcr meine Kunden festzuhalten.<\/p>\t\t\t\t\t\t\t\t<\/div>\n\t\t\t\t<\/div>\n\t\t\t\t<div class=\"elementor-element elementor-element-0f2129b elementor-widget elementor-widget-image\" data-id=\"0f2129b\" data-element_type=\"widget\" data-widget_type=\"image.default\">\n\t\t\t\t<div class=\"elementor-widget-container\">\n\t\t\t\t\t\t\t\t\t\t\t\t\t\t\t<img decoding=\"async\" width=\"800\" height=\"534\" src=\"https:\/\/fotowelt-nika.de\/wp-content\/uploads\/2023\/03\/IMG_24152-1024x683.jpg\" class=\"attachment-large size-large wp-image-847\" alt=\"\" srcset=\"https:\/\/fotowelt-nika.de\/wp-content\/uploads\/2023\/03\/IMG_24152-1024x683.jpg 1024w, https:\/\/fotowelt-nika.de\/wp-content\/uploads\/2023\/03\/IMG_24152-300x200.jpg 300w, https:\/\/fotowelt-nika.de\/wp-content\/uploads\/2023\/03\/IMG_24152-768x512.jpg 768w, https:\/\/fotowelt-nika.de\/wp-content\/uploads\/2023\/03\/IMG_24152-1536x1024.jpg 1536w, https:\/\/fotowelt-nika.de\/wp-content\/uploads\/2023\/03\/IMG_24152-2048x1365.jpg 2048w\" sizes=\"(max-width: 800px) 100vw, 800px\" \/>\t\t\t\t\t\t\t\t\t\t\t\t\t\t\t<\/div>\n\t\t\t\t<\/div>\n\t\t\t\t\t<\/div>\n\t\t<\/div>\n\t\t\t\t\t<\/div>\n\t\t<\/section>\n\t\t\t\t<section class=\"elementor-section elementor-top-section elementor-element elementor-element-5dd70e8b elementor-section-height-min-height elementor-section-content-middle elementor-section-boxed elementor-section-height-default elementor-section-items-middle\" data-id=\"5dd70e8b\" data-element_type=\"section\" data-settings=\"{&quot;background_background&quot;:&quot;classic&quot;}\">\n\t\t\t\t\t\t<div class=\"elementor-container elementor-column-gap-no\">\n\t\t\t\t\t<div class=\"elementor-column elementor-col-100 elementor-top-column elementor-element elementor-element-1a7254f\" data-id=\"1a7254f\" data-element_type=\"column\" data-settings=\"{&quot;background_background&quot;:&quot;classic&quot;}\">\n\t\t\t<div class=\"elementor-widget-wrap elementor-element-populated\">\n\t\t\t\t\t\t<section class=\"elementor-section elementor-inner-section elementor-element elementor-element-40438b34 elementor-section-height-min-height elementor-section-content-middle elementor-section-boxed elementor-section-height-default\" data-id=\"40438b34\" data-element_type=\"section\" data-settings=\"{&quot;background_background&quot;:&quot;classic&quot;}\">\n\t\t\t\t\t\t<div class=\"elementor-container elementor-column-gap-no\">\n\t\t\t\t\t<div class=\"elementor-column elementor-col-100 elementor-inner-column elementor-element elementor-element-487a9b4a\" data-id=\"487a9b4a\" data-element_type=\"column\">\n\t\t\t<div class=\"elementor-widget-wrap elementor-element-populated\">\n\t\t\t\t\t\t<div class=\"elementor-element elementor-element-7e3bd53c elementor-widget elementor-widget-testimonial\" data-id=\"7e3bd53c\" data-element_type=\"widget\" data-widget_type=\"testimonial.default\">\n\t\t\t\t<div class=\"elementor-widget-container\">\n\t\t\t\t\t\t\t<div class=\"elementor-testimonial-wrapper\">\n\t\t\t\t\t\t\t<div class=\"elementor-testimonial-content\">Fotografie h\u00e4lt einen Moment fest, der f\u00fcr immer vorbei ist.<\/div>\n\t\t\t\n\t\t\t\t\t<\/div>\n\t\t\t\t\t\t<\/div>\n\t\t\t\t<\/div>\n\t\t\t\t\t<\/div>\n\t\t<\/div>\n\t\t\t\t\t<\/div>\n\t\t<\/section>\n\t\t\t\t<div class=\"elementor-element elementor-element-4f3eb9c3 elementor-widget__width-initial elementor-widget-tablet__width-initial elementor-widget-mobile__width-initial elementor-absolute elementor-invisible elementor-widget elementor-widget-spacer\" data-id=\"4f3eb9c3\" data-element_type=\"widget\" data-settings=\"{&quot;_position&quot;:&quot;absolute&quot;,&quot;_animation&quot;:&quot;slideInUp&quot;}\" data-widget_type=\"spacer.default\">\n\t\t\t\t<div class=\"elementor-widget-container\">\n\t\t\t\t\t\t\t<div class=\"elementor-spacer\">\n\t\t\t<div class=\"elementor-spacer-inner\"><\/div>\n\t\t<\/div>\n\t\t\t\t\t\t<\/div>\n\t\t\t\t<\/div>\n\t\t\t\t\t<\/div>\n\t\t<\/div>\n\t\t\t\t\t<\/div>\n\t\t<\/section>\n\t\t\t\t<\/div>\n\t\t","protected":false},"excerpt":{"rendered":"<p>Nika Rehm Ich bin Nika, und ich m\u00f6chte mich gerne vorstellen. Ich bin 30 Jahre alt und lebe in der N\u00e4he von Stuttgart. Meine beiden gro\u00dfen Leidenschaften im Leben sind die Fotografie und der Reitsport. Lass mich dir ein wenig von meiner Reise erz\u00e4hlen. Die Welt der Fotografie begleitet mich seit 2007. Anfangs waren meine [&hellip;]<\/p>\n","protected":false},"author":1,"featured_media":0,"parent":0,"menu_order":0,"comment_status":"closed","ping_status":"closed","template":"","meta":{"ngg_post_thumbnail":0,"footnotes":""},"class_list":["post-715","page","type-page","status-publish","hentry"],"_links":{"self":[{"href":"https:\/\/fotowelt-nika.de\/index.php?rest_route=\/wp\/v2\/pages\/715","targetHints":{"allow":["GET"]}}],"collection":[{"href":"https:\/\/fotowelt-nika.de\/index.php?rest_route=\/wp\/v2\/pages"}],"about":[{"href":"https:\/\/fotowelt-nika.de\/index.php?rest_route=\/wp\/v2\/types\/page"}],"author":[{"embeddable":true,"href":"https:\/\/fotowelt-nika.de\/index.php?rest_route=\/wp\/v2\/users\/1"}],"replies":[{"embeddable":true,"href":"https:\/\/fotowelt-nika.de\/index.php?rest_route=%2Fwp%2Fv2%2Fcomments&post=715"}],"version-history":[{"count":75,"href":"https:\/\/fotowelt-nika.de\/index.php?rest_route=\/wp\/v2\/pages\/715\/revisions"}],"predecessor-version":[{"id":1346,"href":"https:\/\/fotowelt-nika.de\/index.php?rest_route=\/wp\/v2\/pages\/715\/revisions\/1346"}],"wp:attachment":[{"href":"https:\/\/fotowelt-nika.de\/index.php?rest_route=%2Fwp%2Fv2%2Fmedia&parent=715"}],"curies":[{"name":"wp","href":"https:\/\/api.w.org\/{rel}","templated":true}]}}